{"id":3216,"date":"2020-03-14T17:47:58","date_gmt":"2020-03-14T17:47:58","guid":{"rendered":"https:\/\/www.lactalisprofessional.ch\/fr\/recipe\/herbstbrotchen-mit-ziegenkase-feigen-zucchetti-und-speck\/"},"modified":"2020-04-16T11:30:18","modified_gmt":"2020-04-16T11:30:18","slug":"herbstbrotchen-mit-ziegenkase-feigen-zucchetti-und-speck","status":"publish","type":"recipe","link":"https:\/\/www.lactalisprofessional.ch\/fr\/recipe\/herbstbrotchen-mit-ziegenkase-feigen-zucchetti-und-speck\/","title":{"rendered":"Tartine d\u2019automne, ch\u00e8vre, figue, courgette et lardons"},"content":{"rendered":"<p>Astuces du chef:<br \/>\nplusieurs variantes sont possibles, avec ou sans oeuf, ou la figue peut \u00eatre remplac\u00e9e par des lamelles de poires.<br \/>\nLa tartine peut \u00eatre pr\u00e9par\u00e9e en amont puis r\u00e9chauff\u00e9e au four au dernier moment.<br \/>\nVous pouvez aussi ajouter quelques morceaux de tomates s\u00e9ch\u00e9es.<\/p>\n","protected":false},"parent":0,"template":"","recipe_cat":[153],"product_brand":[],"recipe_brand":[],"class_list":["post-3216","recipe","type-recipe","status-publish","hentry","recipe_cat-burger-panini"],"acf":[],"yoast_head":"<!-- This site is optimized with the Yoast SEO plugin v26.8 - https:\/\/yoast.com\/product\/yoast-seo-wordpress\/ -->\n<title>Tartine d\u2019automne, ch\u00e8vre, figue, courgette et lardons - Lactalis Professional FR<\/title>\n<meta name=\"robots\" content=\"index, follow, max-snippet:-1, max-image-preview:large, max-video-preview:-1\" \/>\n<link rel=\"canonical\" href=\"https:\/\/www.lactalisprofessional.ch\/fr\/recipe\/herbstbrotchen-mit-ziegenkase-feigen-zucchetti-und-speck\/\" \/>\n<meta property=\"og:locale\" content=\"fr_FR\" \/>\n<meta property=\"og:type\" content=\"article\" \/>\n<meta property=\"og:title\" content=\"Tartine d\u2019automne, ch\u00e8vre, figue, courgette et lardons - Lactalis Professional FR\" \/>\n<meta property=\"og:description\" content=\"Astuces du chef: plusieurs variantes sont possibles, avec ou sans oeuf, ou la figue peut \u00eatre remplac\u00e9e par des lamelles de poires. La tartine peut \u00eatre pr\u00e9par\u00e9e en amont puis r\u00e9chauff\u00e9e au four au dernier moment. Vous pouvez aussi ajouter quelques morceaux de tomates s\u00e9ch\u00e9es.\" \/>\n<meta property=\"og:url\" content=\"https:\/\/www.lactalisprofessional.ch\/fr\/recipe\/herbstbrotchen-mit-ziegenkase-feigen-zucchetti-und-speck\/\" \/>\n<meta property=\"og:site_name\" content=\"Lactalis Professional FR\" \/>\n<meta property=\"article:modified_time\" content=\"2020-04-16T11:30:18+00:00\" \/>\n<meta name=\"twitter:card\" content=\"summary_large_image\" \/>\n<script type=\"application\/ld+json\" class=\"yoast-schema-graph\">{\"@context\":\"https:\/\/schema.org\",\"@graph\":[{\"@type\":\"WebPage\",\"@id\":\"https:\/\/www.lactalisprofessional.ch\/fr\/recipe\/herbstbrotchen-mit-ziegenkase-feigen-zucchetti-und-speck\/\",\"url\":\"https:\/\/www.lactalisprofessional.ch\/fr\/recipe\/herbstbrotchen-mit-ziegenkase-feigen-zucchetti-und-speck\/\",\"name\":\"Tartine d\u2019automne, ch\u00e8vre, figue, courgette et lardons - Lactalis Professional FR\",\"isPartOf\":{\"@id\":\"https:\/\/www.lactalisprofessional.ch\/fr\/#website\"},\"datePublished\":\"2020-03-14T17:47:58+00:00\",\"dateModified\":\"2020-04-16T11:30:18+00:00\",\"breadcrumb\":{\"@id\":\"https:\/\/www.lactalisprofessional.ch\/fr\/recipe\/herbstbrotchen-mit-ziegenkase-feigen-zucchetti-und-speck\/#breadcrumb\"},\"inLanguage\":\"fr-FR\",\"potentialAction\":[{\"@type\":\"ReadAction\",\"target\":[\"https:\/\/www.lactalisprofessional.ch\/fr\/recipe\/herbstbrotchen-mit-ziegenkase-feigen-zucchetti-und-speck\/\"]}]},{\"@type\":\"BreadcrumbList\",\"@id\":\"https:\/\/www.lactalisprofessional.ch\/fr\/recipe\/herbstbrotchen-mit-ziegenkase-feigen-zucchetti-und-speck\/#breadcrumb\",\"itemListElement\":[{\"@type\":\"ListItem\",\"position\":1,\"name\":\"Home\",\"item\":\"https:\/\/www.lactalisprofessional.ch\/fr\/\"},{\"@type\":\"ListItem\",\"position\":2,\"name\":\"Rezepte\",\"item\":\"https:\/\/www.lactalisprofessional.ch\/fr\/recipe\/\"},{\"@type\":\"ListItem\",\"position\":3,\"name\":\"Tartine d\u2019automne, ch\u00e8vre, figue, courgette et lardons\"}]},{\"@type\":\"WebSite\",\"@id\":\"https:\/\/www.lactalisprofessional.ch\/fr\/#website\",\"url\":\"https:\/\/www.lactalisprofessional.ch\/fr\/\",\"name\":\"Lactalis Professional FR\",\"description\":\"\",\"potentialAction\":[{\"@type\":\"SearchAction\",\"target\":{\"@type\":\"EntryPoint\",\"urlTemplate\":\"https:\/\/www.lactalisprofessional.ch\/fr\/?s={search_term_string}\"},\"query-input\":{\"@type\":\"PropertyValueSpecification\",\"valueRequired\":true,\"valueName\":\"search_term_string\"}}],\"inLanguage\":\"fr-FR\"}]}<\/script>\n<!-- \/ Yoast SEO plugin. -->","yoast_head_json":{"title":"Tartine d\u2019automne, ch\u00e8vre, figue, courgette et lardons - Lactalis Professional FR","robots":{"index":"index","follow":"follow","max-snippet":"max-snippet:-1","max-image-preview":"max-image-preview:large","max-video-preview":"max-video-preview:-1"},"canonical":"https:\/\/www.lactalisprofessional.ch\/fr\/recipe\/herbstbrotchen-mit-ziegenkase-feigen-zucchetti-und-speck\/","og_locale":"fr_FR","og_type":"article","og_title":"Tartine d\u2019automne, ch\u00e8vre, figue, courgette et lardons - Lactalis Professional FR","og_description":"Astuces du chef: plusieurs variantes sont possibles, avec ou sans oeuf, ou la figue peut \u00eatre remplac\u00e9e par des lamelles de poires. La tartine peut \u00eatre pr\u00e9par\u00e9e en amont puis r\u00e9chauff\u00e9e au four au dernier moment. Vous pouvez aussi ajouter quelques morceaux de tomates s\u00e9ch\u00e9es.","og_url":"https:\/\/www.lactalisprofessional.ch\/fr\/recipe\/herbstbrotchen-mit-ziegenkase-feigen-zucchetti-und-speck\/","og_site_name":"Lactalis Professional FR","article_modified_time":"2020-04-16T11:30:18+00:00","twitter_card":"summary_large_image","schema":{"@context":"https:\/\/schema.org","@graph":[{"@type":"WebPage","@id":"https:\/\/www.lactalisprofessional.ch\/fr\/recipe\/herbstbrotchen-mit-ziegenkase-feigen-zucchetti-und-speck\/","url":"https:\/\/www.lactalisprofessional.ch\/fr\/recipe\/herbstbrotchen-mit-ziegenkase-feigen-zucchetti-und-speck\/","name":"Tartine d\u2019automne, ch\u00e8vre, figue, courgette et lardons - Lactalis Professional FR","isPartOf":{"@id":"https:\/\/www.lactalisprofessional.ch\/fr\/#website"},"datePublished":"2020-03-14T17:47:58+00:00","dateModified":"2020-04-16T11:30:18+00:00","breadcrumb":{"@id":"https:\/\/www.lactalisprofessional.ch\/fr\/recipe\/herbstbrotchen-mit-ziegenkase-feigen-zucchetti-und-speck\/#breadcrumb"},"inLanguage":"fr-FR","potentialAction":[{"@type":"ReadAction","target":["https:\/\/www.lactalisprofessional.ch\/fr\/recipe\/herbstbrotchen-mit-ziegenkase-feigen-zucchetti-und-speck\/"]}]},{"@type":"BreadcrumbList","@id":"https:\/\/www.lactalisprofessional.ch\/fr\/recipe\/herbstbrotchen-mit-ziegenkase-feigen-zucchetti-und-speck\/#breadcrumb","itemListElement":[{"@type":"ListItem","position":1,"name":"Home","item":"https:\/\/www.lactalisprofessional.ch\/fr\/"},{"@type":"ListItem","position":2,"name":"Rezepte","item":"https:\/\/www.lactalisprofessional.ch\/fr\/recipe\/"},{"@type":"ListItem","position":3,"name":"Tartine d\u2019automne, ch\u00e8vre, figue, courgette et lardons"}]},{"@type":"WebSite","@id":"https:\/\/www.lactalisprofessional.ch\/fr\/#website","url":"https:\/\/www.lactalisprofessional.ch\/fr\/","name":"Lactalis Professional FR","description":"","potentialAction":[{"@type":"SearchAction","target":{"@type":"EntryPoint","urlTemplate":"https:\/\/www.lactalisprofessional.ch\/fr\/?s={search_term_string}"},"query-input":{"@type":"PropertyValueSpecification","valueRequired":true,"valueName":"search_term_string"}}],"inLanguage":"fr-FR"}]}},"_links":{"self":[{"href":"https:\/\/www.lactalisprofessional.ch\/fr\/wp-json\/wp\/v2\/recipe\/3216","targetHints":{"allow":["GET"]}}],"collection":[{"href":"https:\/\/www.lactalisprofessional.ch\/fr\/wp-json\/wp\/v2\/recipe"}],"about":[{"href":"https:\/\/www.lactalisprofessional.ch\/fr\/wp-json\/wp\/v2\/types\/recipe"}],"wp:attachment":[{"href":"https:\/\/www.lactalisprofessional.ch\/fr\/wp-json\/wp\/v2\/media?parent=3216"}],"wp:term":[{"taxonomy":"recipe_cat","embeddable":true,"href":"https:\/\/www.lactalisprofessional.ch\/fr\/wp-json\/wp\/v2\/recipe_cat?post=3216"},{"taxonomy":"product_brand","embeddable":true,"href":"https:\/\/www.lactalisprofessional.ch\/fr\/wp-json\/wp\/v2\/product_brand?post=3216"},{"taxonomy":"recipe_brand","embeddable":true,"href":"https:\/\/www.lactalisprofessional.ch\/fr\/wp-json\/wp\/v2\/recipe_brand?post=3216"}],"curies":[{"name":"wp","href":"https:\/\/api.w.org\/{rel}","templated":true}]}}

Tartine d’automne, chèvre, figue, courgette et lardons

<p>Astuces du chef:<br />
plusieurs variantes sont possibles, avec ou sans oeuf, ou la figue peut être remplacée par des lamelles de poires.<br />
La tartine peut être préparée en amont puis réchauffée au four au dernier moment.<br />
Vous pouvez aussi ajouter quelques morceaux de tomates séchées.</p>

<!-- This site is optimized with the Yoast SEO plugin v26.8 - https://yoast.com/product/yoast-seo-wordpress/ -->
<title>Tartine d’automne, chèvre, figue, courgette et lardons - Lactalis Professional FR</title>
<meta name="robots" content="index, follow, max-snippet:-1, max-image-preview:large, max-video-preview:-1" />
<link rel="canonical" href="https://www.lactalisprofessional.ch/fr/recipe/herbstbrotchen-mit-ziegenkase-feigen-zucchetti-und-speck/" />
<meta property="og:locale" content="fr_FR" />
<meta property="og:type" content="article" />
<meta property="og:title" content="Tartine d’automne, chèvre, figue, courgette et lardons - Lactalis Professional FR" />
<meta property="og:description" content="Astuces du chef: plusieurs variantes sont possibles, avec ou sans oeuf, ou la figue peut être remplacée par des lamelles de poires. La tartine peut être préparée en amont puis réchauffée au four au dernier moment. Vous pouvez aussi ajouter quelques morceaux de tomates séchées." />
<meta property="og:url" content="https://www.lactalisprofessional.ch/fr/recipe/herbstbrotchen-mit-ziegenkase-feigen-zucchetti-und-speck/" />
<meta property="og:site_name" content="Lactalis Professional FR" />
<meta property="article:modified_time" content="2020-04-16T11:30:18+00:00" />
<meta name="twitter:card" content="summary_large_image" />
<script type="application/ld+json" class="yoast-schema-graph">{"@context":"https://schema.org","@graph":[{"@type":"WebPage","@id":"https://www.lactalisprofessional.ch/fr/recipe/herbstbrotchen-mit-ziegenkase-feigen-zucchetti-und-speck/","url":"https://www.lactalisprofessional.ch/fr/recipe/herbstbrotchen-mit-ziegenkase-feigen-zucchetti-und-speck/","name":"Tartine d’automne, chèvre, figue, courgette et lardons - Lactalis Professional FR","isPartOf":{"@id":"https://www.lactalisprofessional.ch/fr/#website"},"datePublished":"2020-03-14T17:47:58+00:00","dateModified":"2020-04-16T11:30:18+00:00","breadcrumb":{"@id":"https://www.lactalisprofessional.ch/fr/recipe/herbstbrotchen-mit-ziegenkase-feigen-zucchetti-und-speck/#breadcrumb"},"inLanguage":"fr-FR","potentialAction":[{"@type":"ReadAction","target":["https://www.lactalisprofessional.ch/fr/recipe/herbstbrotchen-mit-ziegenkase-feigen-zucchetti-und-speck/"]}]},{"@type":"BreadcrumbList","@id":"https://www.lactalisprofessional.ch/fr/recipe/herbstbrotchen-mit-ziegenkase-feigen-zucchetti-und-speck/#breadcrumb","itemListElement":[{"@type":"ListItem","position":1,"name":"Home","item":"https://www.lactalisprofessional.ch/fr/"},{"@type":"ListItem","position":2,"name":"Rezepte","item":"https://www.lactalisprofessional.ch/fr/recipe/"},{"@type":"ListItem","position":3,"name":"Tartine d’automne, chèvre, figue, courgette et lardons"}]},{"@type":"WebSite","@id":"https://www.lactalisprofessional.ch/fr/#website","url":"https://www.lactalisprofessional.ch/fr/","name":"Lactalis Professional FR","description":"","potentialAction":[{"@type":"SearchAction","target":{"@type":"EntryPoint","urlTemplate":"https://www.lactalisprofessional.ch/fr/?s={search_term_string}"},"query-input":{"@type":"PropertyValueSpecification","valueRequired":true,"valueName":"search_term_string"}}],"inLanguage":"fr-FR"}]}</script>
<!-- / Yoast SEO plugin. -->

Tartine d’automne, chèvre, figue, courgette et lardons - Lactalis Professional FR

Astuces du chef: plusieurs variantes sont possibles, avec ou sans oeuf, ou la figue peut être remplacée par des lamelles de poires. La tartine peut être préparée en amont puis réchauffée au four au dernier moment. Vous pouvez aussi ajouter quelques morceaux de tomates séchées.
